ive of -3*u - 1/6*u**3 + u**2 + 1/20*u**5 + d*u**4 + 0. Determine k(-3).
5
Suppose 4*t - 14 = 2. Let m(s) = -3*s - t*s**3 + 2*s**3 + 2*s. Suppose -2*h + 3 - 5 = 0. Determine m(h).
3
Let u(o) be the second derivative of -3*o**2 + 1/6*o**3 + 0 + 3*o. What is u(6)?
0
Let b = 1 + 0. Let d(t) = -2*t**3 + 5*t**3 - 20 + 17 - 2*t**2. Let f(i) = 6*i**3 - 4*i**2 - i - 7. Let a(p) = -5*d(p) + 2*f(p). What is a(b)?
-2
Let f(p) be the third derivative of -p**6/120 + 11*p**5/60 - 3*p**4/8 - p**3/3 - 67*p**2. What is f(10)?
8
Let g = 15 - 9. Let d(h) be the second derivative of -h**4/12 + h**3 + 3*h**2 - h. Give d(g).
6
Let f = 46 + -50. Let w(l) = -l**3 - 3*l**2 + 3*l + 4. Give w(f).
8
Let c = -8 - -12. Suppose -8 = 2*f - 4*y, -3*y + 4 = -f - c. Let d(j) = -j. Give d(f).
-4
Let k(v) = -4 + 9 - 18*v**3 - 8*v**2 + 19*v**3. What is k(8)?
5
Let k = 5 + 1. Suppose 5*m + 4*a - 41 = 0, 4*m - 43 = a - k. Let c be (m/6)/(3/10). Let p(g) = -g**2 + 5*g + 4. Determine p(c).
4
Let v(t) = t**2 - 12*t - 6. Let i be v(12). Let a(n) = -n**2 - 6*n - 7. Calculate a(i).
-7
Suppose -14 = -5*k - 3*l, -k = -5*l - 2 - 12. Let r(h) = 1 + h**2 + k*h**2 - h**3 + 4 - 7*h. What is r(4)?
-7
Let o(s) = 48*s + 45. Let j be o(-1). Let q(n) be the third derivative of -n**4/12 - n**3/2 - n**2. Give q(j).
3
Let j(m) = 7*m**3 + m**2 - m - 3. Let g(y) = y**3 - y - 1. Let a(p) = 2*g(p) - j(p). Determine a(1).
-6
Let h be 2/(0 + (-4)/10). Let a = 9 + h. Let g(x) be the second derivative of x**3/3 + x**2/2 + x. Give g(a).
9
Let a(k) = k + 4. Suppose 5*p - 17 = -2*m, 2*m + 2*m - 5*p + 41 = 0. Determine a(m).
0
Let b be ((-2)/28)/(360/(-42)). Let h(q) be the third derivative of 1/60*q**5 - q**2 + 0*q**4 + b*q**6 + 0*q + 1/6*q**3 + 0. What is h(-2)?
-3
Let n(q) = -2*q + 7. Let f be n(5). Let r(h) be the first derivative of -h**4/4 - 2*h**3/3 + h**2 + h - 1. Determine r(f).
4
Let l(p) be the first derivative of -5*p**4/4 - p**3/3 - p**2 - p - 14. What is l(-1)?
5
Let j(w) = -4*w + 1. Suppose 5*t = i - 25, 0 = -i + 6*i. Let n = -4 - t. Let f be j(n). Let v(g) = -g**2 - 4*g + 4. Determine v(f).
7
Let h(q) = 3*q**2 - 3*q**2 + 1 - 2*q - q**2 + 4*q**2. Calculate h(1).
2
Let a(f) = 0 - 4 + 1 - 2*f. Let l(q) = -q**2 - q - 1. Let g(d) = -d**2 - 9*d + 1. Let v(m) = -g(m) + 2*l(m). Let y be v(7). Calculate a(y).
3
Let n be 3 + (-6)/(-2 - -3). Let g(p) = p**3 + 4*p**2 + p - 2. Let f be g(n). Let h(b) = -b + 5. Give h(f).
1
Let l(c) = -c**3 - 5*c**2 - 4*c - 5. Suppose -4*f + f + 6 = 0. Suppose 3*a - x - 36 = 0, a + 0*a - 2*x - 12 = 0. Suppose 4 - a = f*r. Determine l(r).
-5
Let f(i) = 7*i. Let r(m) be the second derivative of 5*m**3/2 + m**2/2 + 5*m. Let o(y) = -5*f(y) + 2*r(y). What is o(2)?
-8
Let l be (0 + -1 + 20/12)*-9. Let z(g) = -g**3 - 7*g**2 - 3*g + 8. Give z(l).
-10
Let m(b) = -b. Suppose 4*s = -0*s + 4. Let n(h) = -h + 1. Let j(x) = 2*x - 1. Let z(v) = s*n(v) - j(v). Let c(k) = -2*m(k) + z(k). What is c(2)?
0
Suppose v + 0*j - j = 3, 3*j = 2*v - 4. Let w(r) be the first derivative of r**2 - 7*r + 2. Give w(v).
3
Suppose 51 = 4*w + 31. Let r(j) = -2 + 5*j**2 - 5 + 0*j - j**3 + 2*j. Determine r(w).
3
Let q(x) = 2*x**2 + 3*x + 1. Suppose 0 = -i + 4*y + 4, -2*y - 3*y = -5*i + 5. Suppose 3*c + 2*c + 10 = i. What is q(c)?
3
Let z(v) = v**3 + v - 11. Let j(i) = -i**3 + 6*i**2 + 7*i. Let h be j(7). Suppose h = -2*t + 6*t. Suppose 2*x - 8 = 2*y, t*x + 12 = -5*x - 3*y. What is z(x)?
-11
Let c(x) = -4*x**2 - 5*x + 6. Let g(m) = 12*m**2 + 14*m - 17. Let r(l) = 17*c(l) + 6*g(l). Let d = -1 + 0. Let v = -2 - d. Give r(v).
5
Let x(h) = -2*h + 3. Suppose 0*f - 2*f + 47 = -n, -f + 3*n + 36 = 0. Let i be f/4 - 5/20. Determine x(i).
-7
Let g(h) be the third derivative of h**5/60 - h**4/4 - 2*h**3/3 + 55*h**2. Calculate g(6).
-4
Suppose -2*d = 3*z - 6*d - 18, 1 = 5*z + 3*d. Let f = z - 7. Let x(m) be the first derivative of -m**3/3 - 5*m**2/2 - 6*m - 2. What is x(f)?
-6
Let x(a) = a**2 - 4*a + 3. Suppose -4*m + 5*w = -0*m + 19, -5*m = -w + 29. Let n = 11 + m. Suppose 5*r = 25 - n. Determine x(r).
3
Let c(y) = -4*y**2 + y + 1. Let o(b) be the third derivative of b**5/60 + b**4/24 + b**3/6 - 5*b**2. Let x(p) = c(p) + 2*o(p). What is x(3)?
-6
Let x(n) = 48*n**3 - 24*n**3 - 23*n**3 + 5*n - 6*n**2 + 6. Let r(b) = -4*b**2 + 5*b + b**2 + 2*b**2 - 1. Let f be r(3). Determine x(f).
6
Let h = -2 + 35. Suppose 2*s = 4*m - 9*m - 3, 3*m = 4*s - h. Let n(c) = c**2 - 3*c - 5. What is n(s)?
13
Let f(x) = x + 17. Let l be f(-12). Let o(m) be the first derivative of m**4/4 - 2*m**3 + 7*m**2/2 - 3*m - 9. What is o(l)?
7
Let g(d) = d**2 + 5*d - 7. Let z be g(-5). Let l = -3 - z. Let k(i) be the third derivative of -i**6/120 + i**5/12 - i**4/8 + 2*i**3/3 + 3*i**2. Determine k(l).
8
Let k(h) be the first derivative of h + 3. Let u(c) = -c + 5. Let v(f) = -14*k(f) + 2*u(f). Determine v(-4).
4
Let x = 46 + -42. Let a(g) be the third derivative of 1/120*g**6 + 1/30*g**5 + 1/2*g**3 + 0 + 0*g + 1/8*g**x - 2*g**2. Determine a(-2).
-3
Let g(q) = -7*q + 3*q**3 + 3*q - 4*q**3 + 6*q**2 - 5. Suppose -4*u + c + 13 = -2, 0 = -5*u - 4*c + 45. Determine g(u).
0
Let u(b) = b**3 + 3*b**2 - 2*b - 3. Let q be u(-3). Let n(w) = -9*w + 3. Let o(f) = -14*f + 5. Let m(z) = 8*n(z) - 5*o(z). What is m(q)?
-7
Let g(m) = 2*m - 7. Suppose 3*q - 10 - 11 = 3*x, -5*q - 3*x + 43 = 0. Calculate g(q).
9
Let c(g) = -g**3 - g**2 - 6. Suppose -3 = 4*z - 3. Give c(z).
-6
Let g = 8 - 4. Let i(h) = 3*h**2 - 3*h + 8. Let f(t) = 4*t**2 - 4*t + 12. Let c(p) = -5*f(p) + 7*i(p). What is c(g)?
8
Let h(w) = 6 - 18*w + w**2 + 6 + 0*w**2. Let s be h(17). Let o(u) = 2*u**2 + 6*u + 0*u**2 + 7 - u**2. What is o(s)?
2
Let n(f) = f**3 + 6*f**2 + 5*f + 5. Let v be n(-5). Let l(t) = 16*t - v*t**3 - 16*t. What is l(-1)?
5
Suppose -5*s + 0*s - p + 17 = 0, 2*s - p - 11 = 0. Let n(d) = d**3 - 4*d**2 - 3*d + 3. Give n(s).
-9
Let f(v) = -v - 1. Let u(d) = -d**2 + d + 3. Suppose 0*j = 4*j + 12, 5*k - 12 = -j. Let m be u(k). Give f(m).
2
Let i(v) = v**2 + 14*v - 39. Let w be i(-16). Let j(t) = -t**2 - 5*t + 5. What is j(w)?
-9
Let z be 4/(-2) + 7 + 4. Let l(b) = -z*b**2 + 3 - 4 + b**2 + b + 0*b**2. Calculate l(1).
-8
Let q be (-11)/(-33) + 50/(-6). Let p be ((-63)/(-84))/(2/q). Let t(w) = -w - 4. Calculate t(p).
-1
Let x(w) = -16*w**3 - 14*w**2 + 11*w + 5. Let p(y) = 3*y**3 + 3*y**2 - 2*y - 1. Let a(c) = -11*p(c) - 2*x(c). Let j be 7 + -16 - 12/(-3). What is a(j)?
1
Let v(d) = 4 + 3*d - 4*d + 0 - 1. What is v(-4)?
7
Let z(s) = 7*s**3 + s**2 + 11. Let q(c) = 20*c**3 + 4*c**2 + c + 32. Let m(b) = -6*q(b) + 17*z(b). What is m(-6)?
-5
Suppose 0 = 4*t - 3*t - 1. Let f(k) = -t + 3 - 2 + 2*k**2. Determine f(1).
2
Let u(m) = -m**3 - m - 1. Let a = 8 - 10. Let i(r) = 4*r**3 + 2*r**2 + 2*r + 4. Let n(x) = a*u(x) - i(x). Determine n(-2).
6
Suppose 4*q = -4*m - 4, 3*m - 2*q + 7 = 19. Suppose c - 12 = -m*c. Let d(w) = -w + 8. Determine d(c).
4
Let d = 45 - 48. Let m(a) = -3*a**2 - 5*a - 2. Calculate m(d).
-14
Let p(l) = l**2 - 16*l + 7. Let k(i) = -i**3 - 8*i**2 - 8*i + 8. Let q be k(-7). Let y be p(q). Let v(h) = -h**2 - 9*h - 11. What is v(y)?
-3
Let n = -6 + 5. Let s(v) = v. Let t(z) = -z**3 + 6*z**2 - 6*z + 1. Let g(d) = n*s(d) - t(d). Let l = 14 + -9. Give g(l).
-1
Let c(b) be the first derivative of 2*b**2 + 1/3*b**3 + 4 - b. Let p be 3*-1*(-20)/(-15). Give c(p).
-1
Let x(t) be the first derivative of t**5/20 - t**4/12 + t**2 - 3*t + 2. Let z(j) be the first derivative of x(j). What is z(-2)?
-10
Let c be (1 + 2/(-3))*3. Let h be 6*(-2)/(-4) + -1. Let a(z) = -2 + 1 + h*z**3 + 0 + 2*z**2. Give a(c).
3
Let y(h) be the third derivative of h**6/120 + h**5/15 - h**4/12 - h**3/6 - 18*h**2. What is y(-5)?
-16
Let g(n) be the third derivative of 0*n**3 + 1/120*n**6 + 0*n + 2*n**2 + 1/8*n**4 + 0 + 1/20*n**5. Calculate g(-2).
-2
Let u(f) = -f + 4. Let s be (-21)/28*(-17 + 1). Let n be (-6)/s*1*8. Determine u(n).
8
Let x(k) = -1 - 5*k - 4 + 3*k**2 + k**3 + 3. Let b(o) = -o**2 - o + 2. Suppose -2*r + 0 = 6. Let n be b(r). Determine x(n).
2
Let y(p) be the second derivative of p**3/3 + p**2/2 + 7*p. Give y(-1).
-1
Suppose 4 = 3*v - o, v = 3*o + 14 - 2. Let z(m) be the second derivative of 0 - 7/2*m**2 + 0*m**3 + 1/12*m**4 - 5*m. What is z(v)?
-7
Let d(i) = 3*i**2 - 6*i + 7. Let l be -2*(2 + (-2 - 1)). Let b(v) = 4*v**2 -